inder when x(3) is divided by 8.
5
Suppose -4*k + 4*t + 100 = 0, 0 = -k + 4*t - 10 + 47. What is the remainder when k is divided by (0 - -11) + (-3 - -3)?
10
Suppose -w - 1 = 6. Let a = 2 - w. What is the remainder when 25 is divided by a?
7
Suppose 0 = -2*g + 2*y + 14, 3*g - 17 = 5*y + 14. Calculate the remainder when 6 is divided by g.
0
Suppose 3*x - 4*v + 4 = 32, -2*x + 4*v = -24. Let z(i) = -i**2 - 7*i + 9. Let t be z(-8). Let y = t + 10. What is the remainder when y is divided by x?
3
Let d(o) = o**3 + 5*o**2 + 4*o - 4. Let b be d(-4). Let r be ((-2)/b)/((-1)/(-20)). Let v = r - -1. Calculate the remainder when v is divided by 6.
5
Let t(m) = -m**2 - 2*m + 1 + m**2 - m**3 + 2*m**2. Let q be t(1). Suppose 0 = 3*w - q*w - 24. What is the remainder when 14 is divided by w?
6
Suppose -2*i + c = -82, -46 - 36 = -2*i - 5*c. Suppose 2*n - y = 19, n = -2*n - 2*y + 39. Calculate the remainder when i is divided by n.
8
Suppose 0 = -3*u + 6 + 9. What is the remainder when 14 is divided by u?
4
Suppose -3*d - 27 = -87. Calculate the remainder when 39 is divided by d.
19
Suppose g = 3*g - 5*a - 77, a - 5 = 0. What is the remainder when 201 is divided by g?
48
Let a = 25 - 1. Suppose -2*l = -3*v - 7*l + 17, 12 = 2*v + 3*l. Let i = v - -4. What is the remainder when a is divided by i?
11
Suppose k - 3*h = -k + 49, -2*k + 42 = 4*h. Suppose -m + g + k = 0, 8*m - 4*m = -5*g + 83. Calculate the remainder when m is divided by 8.
6
Let l(i) = -i + 8. Let c be l(9). Let g(k) = -66*k + 1. Calculate the remainder when g(c) is divided by 23.
21
Suppose 0 = -6*m + 3*m. Suppose 112 = 4*d + u, -120 = -4*d - m*d - 3*u. Let z = -2 + 16. What is the remainder when d is divided by z?
13
Suppose -18 = -2*k + 12. Calculate the remainder when 28 is divided by k.
13
Let x(v) = v**3 - 6*v**2 + 6*v + 11. Let g = -47 - -91. What is the remainder when g is divided by x(5)?
12
Let g = 67 + -56. What is the remainder when (-2)/((-8)/(-82))*-2 is divided by g?
8
Let d = 64 + -22. What is the remainder when -18*(d/4)/(-7) is divided by 2/(-8) - 57/(-4)?
13
Let b = -7 - -11. Calculate the remainder when 11 is divided by b.
3
Suppose -7*t + 2*t + 85 = -3*c, 0 = 2*t + 3*c - 55. What is the remainder when 74 is divided by t?
14
Let r = 11 - 9. Suppose -3*i = 5*a - 0*i - 236, 226 = 5*a - r*i. Calculate the remainder when a is divided by 16.
14
Suppose 0 = 12*j - 16*j + 44. Calculate the remainder when 32 is divided by j.
10
Calculate the remainder when (-2)/13 - 1215/(-39) is divided by 16.
15
Suppose 2*b - 18 - 38 = 0. Calculate the remainder when 52 is divided by b.
24
Let l(c) = c**3 - 5*c**2 - 4*c + 3. Suppose 52 = 2*a - 4*i, a + 4*i = -0*a + 32. Calculate the remainder when a is divided by l(6).
13
Let h(s) be the first derivative of s**2 - 3*s - 1. Calculate the remainder when 19 is divided by h(5).
5
Suppose -4 + 0 = -r. Calculate the remainder when 28 + (2/1 - r) is divided by (4 + -13)*(3 - 4).
8
Let s(t) = -t - 11. Let g(z) = -z - 16. Let d(y) = -5*g(y) + 7*s(y). What is the remainder when (20 - -1) + -1 + 0 is divided by d(-4)?
9
Let m = -13 - -18. Suppose m*t + 4*n - 5*n - 105 = 0, n = 3*t - 61. What is the remainder when t is divided by 12?
10
Let l(h) = 11*h**2 - h - 1. Calculate the remainder when 30 is divided by l(-1).
8
Let l = -1 - -8. What is the remainder when l is divided by 5?
2
Let q(k) = 2*k - 4. Let j be q(3). What is the remainder when 63 is divided by (1 - 6/j)*-8?
15
Let q = -229 + 344. What is the remainder when q is divided by 9?
7
Suppose 19*h = 24*h - 35. Calculate the remainder when 16 is divided by h.
2
Suppose 0 = -4*g - 2 + 14. Suppose -g*u = -u - 56. What is the remainder when u is divided by 10?
8
Calculate the remainder when ((-8)/20)/((-2)/300) is divided by 23.
14
Suppose h - 19 = -3. Calculate the remainder when h is divided by 6.
4
Suppose -4*n - 7 = -35. What is the remainder when (-2 - 14/(-4))*8 is divided by n?
5
Let i = 2 - -1. Let r = 6 - i. Let l(v) = 3*v - 5. Calculate the remainder when l(4) is divided by r.
1
Let h = 2 + 0. Let a(l) = 8 + 2*l - 3 + 1 - 5. What is the remainder when a(h) is divided by 3?
2
Let k(o) = o**3 - 2*o**2 - 3*o + 3. Let d be k(2). What is the remainder when 28 is divided by (50/15)/((-1)/d)?
8
Let v(l) = 10*l**2 - 3*l + 7. What is the remainder when v(-4) is divided by 45?
44
Suppose 71 = 3*n - 1. Suppose -95 = -5*k - 5*v, 3*v + 2*v + n = 2*k. What is the remainder when k is divided by 9?
8
Suppose -2*d - 10 = -0*d, 2*u + d - 109 = 0. What is the remainder when u is divided by 15?
12
Suppose 4*l + 0 = 36. What is the remainder when 24 is divided by l?
6
Suppose 4*r - 123 = -27. Suppose 4*u = 2*g - 0*g + 4, u = -1. Let p = r + g. What is the remainder when 38 is divided by p?
18
Let c(f) be the first derivative of -f**2 - 9*f - 1. What is the remainder when 18 is divided by c(-8)?
4
Suppose g + 2*g - 60 = 0. What is the remainder when 99 is divided by g?
19
Let r = 5 + -2. Calculate the remainder when -1 + 12 + (-6 - -3) is divided by r.
2
Let u be 2 + -2 + 0 + 0. Let g(l) = l**2 + l - 21. Let a be g(u). Let z = 29 + a. What is the remainder when 23 is divided by z?
7
Calculate the remainder when 46 is divided by (-32)/(((-24)/3)/4).
14
Let y(o) = -3*o - 13. Let c be -2 - (7*-7)/1. Let b = c + -25. Calculate the remainder when b is divided by y(-7).
6
Let z = -18 - -37. What is the remainder when 90 is divided by z?
14
Let w = -140 - -95. Let g = -25 - w. Let v = -21 - -32. What is the remainder when g is divided by v?
9
Let t(s) = s**2 + 2*s - 5. What is the remainder when t(-6) is divided by 12?
7
Suppose 12 = -3*o + u, o + 0*o + 15 = 4*u. What is the remainder when 27 is divided by -7*((3 - 2) + o)?
13
Let h = 13 - 1. What is the remainder when (-68)/(-10)*6*(-15)/(-18) is divided by h?
10
Let p = 36 - 34. Let a = 13 + 1. Let c = a + -10. Calculate the remainder when c is divided by p.
0
Let i = 70 - 25. Let c = -32 + i. Calculate the remainder when c is divided by 8.
5
Suppose m + 4*u - 58 = 0, -5*m + 5*u + 20 = -170. Suppose 3*i - i - m = 5*l, -3*l = -2*i + 34. What is the remainder when i is divided by 4?
3
Let z = -35 + 63. What is the remainder when z is divided by 8?
4
Suppose 5*w + 2*o - 38 = 0, 0 = w + 2*o - 5 - 1. What is the remainder when 53 is divided by w?
5
Let h(t) = 6*t**2 + t. Let c be h(2). Let s = -13 + c. Let p = 17 + -10. What is the remainder when s is divided by p?
6
Suppose 197 + 559 = 9*y. What is the remainder when y is divided by 29?
26
Let c = 79 - 119. What is the remainder when 6 is divided by (-3)/(5/(c/6))?
2
Suppose 2*u + 5*z = 23, 2*z = 4*z - 6. What is the remainder when u/(-12) + (-67)/(-3) is divided by 8?
6
Let c(d) = 7*d - 35. Let s(w) = -w**2 + 5*w - 2. Let n = -4 + 8. Calculate the remainder when c(6) is divided by s(n).
1
Suppose 2 - 13 = -d. Let f be ((-10)/2)/(0 + -1). Let h(m) = -m**3 + 5*m**2 + 7*m - 3. Calculate the remainder when h(f) is divided by d.
10
Let o be (-28)/2*(-10)/20. Let h(y) = -y**3 + 8*y**2 - 7*y + 3. What is the remainder when 4 is divided by h(o)?
1
Let g be (-28)/(-2) - 0 - 3. Calculate the remainder when (-2)/g - 3088/(-44) is divided by 18.
16
Suppose -4*o - 5*c + 70 = -3*c, -5*c = -15. Let q be (2 + 2)/((-1)/3). Calculate the remainder when o is divided by q*(5/(-2) - -2).
4
Suppose 0 = -2*v + 2*i - 8, -5*v = 5*i + 47 - 7. Calculate the remainder when v/4*(3 + -17) is divided by 11.
10
Suppose -8*c + 359 = -49. Calculate the remainder when c is divided by 13.
12
Let s(t) = 4*t - 6. Let k be s(8). Suppose -7 - 3 = 5*z, 2*r - z - k = 0. What is the remainder when 22 is divided by r?
10
Let v(x) = -10*x + 4. Suppose 0 = -t - 0*t + 12. Suppose -i - 3*i = t. Calculate the remainder when v(i) is divided by 9.
7
Let b = 2 - -3. Suppose b*t - 6 = 2*t. Suppose 2*q + 2*q - 28 = -t*n, 0 = n - 5*q - 14. Calculate the remainder when 26 is divided by n.
12
Let v(d) = 10*d**2 - d - 1. What is the remainder when ((-24)/(-32) + 170/(-24))*-3 is divided by v(-1)?
9
Let s(r) = r**3 + 6*r**2 - 3*r + 5. Suppose -2*j = -4*w - 3*j - 22, -15 = 5*w - 5*j. Calculate the remainder when s(w) is divided by 12.
9
Suppose 3*d = 8*d - 20. What is the remainder when (-3)/((-3)/d)*4 is divided by 9?
7
Let t = 74 + -41. What is the remainder when 131 is divided by t?